*-38. What is the greatest common divisor of 133 and z?
19
Let g be (-8 - -13)*(-52)/(-5). What is the greatest common divisor of g and 52?
52
Suppose 4*y = 5*y + 26. Let c be 4/26 - 256/y. Suppose -c*u = -8*u - 26. What is the greatest common factor of u and 13?
13
Let g(r) = -r**3 - 3*r**2 + r + 2. Let v be g(9). Let l = -633 - v. Calculate the highest common divisor of 41 and l.
41
Suppose -14 = 5*f - 214. Calculate the highest common factor of f and 4.
4
Suppose -4*t = -5*q + 270, 0 = 3*q - 0*t + 3*t - 135. Let f = q + -35. What is the highest common divisor of f and 10?
5
Let q = 2431 + -1724. What is the highest common divisor of q and 7?
7
Let g(c) = -90*c. Let v be g(-1). Let z be 6/(-4)*-12*1. Calculate the greatest common divisor of v and z.
18
Suppose 2*p = -4 + 10. Suppose -p*c - 4*f = 0, f = -0*f. Suppose 3*n - 5*v - 66 = -2*v, c = -2*n + 3*v + 42. What is the greatest common divisor of 216 and n?
24
Let o(z) = 28*z**2 - 21*z + 138. Let q be o(7). What is the highest common factor of q and 47?
47
Let w = 490 - 285. Suppose 0 = -9*i + 4*i + 410. Calculate the greatest common factor of i and w.
41
Suppose -2*g - 384 = 130*v - 134*v, -3*g + 192 = 2*v. What is the greatest common divisor of v and 516?
12
Let n(i) = -2*i**2 + 7*i - 5. Let j be n(5). Let m = -1 - j. Calculate the highest common factor of m and 38.
19
Let k(j) = 2*j**2 + 4*j. Let g be k(-4). What is the highest common divisor of 20 and g?
4
Let q(j) = j**3 + 12*j**2 + 19*j + 5. Let f = -10 + 0. Let k be q(f). Calculate the greatest common divisor of k and 120.
15
Let i = -170 + 71. Let r = 135 + i. What is the highest common factor of r and 108?
36
Let c = -180 + 177. Let o(p) = 4 + p**2 + 2*p**2 - p**2. Let d be o(c). What is the highest common factor of d and 33?
11
Let r(h) = h + 77. Let y be r(-41). Calculate the greatest common divisor of y and 117.
9
Suppose 219 = k - 5*m, -36*k + 5*m + 453 = -34*k. Let s be (2 + -1 - 1) + 26. What is the highest common factor of k and s?
26
Suppose 0 = 5*h - 58 - 17. Suppose -2*o = -5*b - 2, -2*b - 2 + 7 = 5*o. Let x(r) = 5*r**2 - r - 1. Let q be x(o). What is the highest common factor of h and q?
3
Let a be (-9)/6*12/(-9). Suppose 4*x - 2*c - 64 = 0, -c = 2*c. Suppose 4*t = a*t + x. What is the greatest common factor of 4 and t?
4
Let w = -742 + 757. Calculate the greatest common factor of 192 and w.
3
Suppose -3*v = 3*h - 96, 0 = -5*h - 3*v + 58 + 98. Let n be (-448)/(-5) - 4/(-10). Calculate the highest common divisor of n and h.
30
Suppose 4*y - 42 = y. Suppose 0 = -5*f - 2*x + 239 + 109, 3*f = 5*x + 215. Suppose -k + f = k. Calculate the greatest common factor of k and y.
7
Suppose 2*n + 4*v = 2, 4*n - 17 = -0*v + 5*v. Suppose 4*l - 44 = n*a, 5*a + 5*l + 52 = -33. Let d = a + 22. What is the greatest common divisor of d and 66?
6
Suppose 0 = 2*a - 5*a + 117. Let d(p) = 0*p - p + 5*p - 3*p + 3*p**3. Let j be d(2). Calculate the greatest common divisor of a and j.
13
Let g be (1 - (-2)/(-6))*24/16. Let h be g/(-2) + 399/42. Suppose 0*m + 2*m - 108 = 0. What is the highest common divisor of m and h?
9
Let c = -2379 - -2412. Let q(g) = 2*g**2 + 2*g - 5. Let i be q(-5). Let r = i - c. What is the greatest common factor of r and 1?
1
Suppose 0 = -c - 0*c + 5*u - 24, -3*u = -6. Let h = -1 - c. Calculate the greatest common factor of 104 and h.
13
Let p = 161 - 86. Let r(k) = -k**3 - 5*k**2 + 9*k - 5. Let x be r(-7). What is the greatest common factor of p and x?
15
Let y(g) = 3*g**2 - 3*g - 10. Let l be y(5). Suppose 0 = 13*q - 8*q - l. Calculate the highest common factor of q and 10.
10
Suppose 300 = 6*t - t. Let h be ((-364)/(-1) - 2) + 0. Let m be 16/(-120) - h/(-15). Calculate the greatest common factor of t and m.
12
Let z(x) = 0 + 5 + 104*x**2 - 4 + 51*x**2. Let g be z(1). What is the highest common divisor of 39 and g?
39
Suppose -4*a - 2738 = -5*s + 2*s, s = -2*a + 906. What is the highest common factor of s and 210?
70
Let v(g) = 2*g + 5. Let a be v(5). Let k = a + -7. Calculate the greatest common divisor of 32 and k.
8
Suppose 0 = q - 4. Suppose q*n - 15 = -n. Let o be ((-1)/(-1) - 0) + 11. Calculate the highest common factor of o and n.
3
Suppose -3*i + 2*i = -11. Suppose 0 = -3*q - 5 + 26. Suppose 0 = n - q - 26. Calculate the highest common factor of i and n.
11
Suppose -j = -3*p - 64, 4*j + 3*p - 316 = -0*p. Let a = j + 15. What is the highest common divisor of a and 13?
13
Let l be ((-4)/(40/(-35)))/(2/12). Calculate the greatest common divisor of 357 and l.
21
Suppose -4*x + 0*x = -8424. Let u be 141/21 + -4 - 14/(-49). Suppose 3*k + u*k = x. Calculate the greatest common divisor of 39 and k.
39
Let y be (-12)/(-15)*(6 - 438/(-12)). Calculate the highest common divisor of y and 68.
34
Suppose -115 + 455 = 5*k. Calculate the greatest common factor of 85 and k.
17
Let i = -142 - -226. Let s be (-27)/(-3) - (-966)/(-115) - (-204)/10. What is the highest common divisor of i and s?
21
Let t(d) = d + 40. Let m be t(-19). What is the greatest common divisor of 42 and m?
21
Suppose 0 = 2*d - 4*w - 60, -6*w + 8*w = 2*d - 66. What is the highest common divisor of d and 384?
12
Let s = -234 + 290. Calculate the greatest common divisor of s and 196.
28
Suppose -10*z + 8*z - 625 = -3*g, 0 = 5*g - 2*z - 1035. What is the greatest common factor of 82 and g?
41
Suppose -g = -5*c + 70, 2*c - 3*g - 13 - 2 = 0. Let v = 19 - c. Let x be 5*v/8*2. What is the highest common divisor of x and 35?
5
Suppose -5*m + 4*x + 444 = 0, 27*m + 2*x = 26*m + 100. What is the highest common divisor of m and 23?
23
Let z(v) = 21*v**2 - 4*v - 1. Let n be z(-3). Suppose 2 = i, 4*m - n = -i - 3*i. Suppose 0 = -4*r - r + 60. What is the highest common divisor of r and m?
12
Let t = -5 - -9. Suppose -t*m + 14 = -42. Let p be (-14564)/(-132) - ((-16)/6 + 1). What is the greatest common factor of m and p?
14
Suppose 2*d = 4*d. Let j(q) = -q**2 + 2*q + 6. Let t be j(d). Let v(m) = 2*m**2 + 3*m + 3. Let f be v(-3). What is the greatest common factor of t and f?
6
Let f(y) = -25*y - 4. Let z = 25 + -27. Let c be f(z). Calculate the highest common divisor of c and 23.
23
Let n be 32/112 + (-52)/(-14). Suppose n*r - 122 = 178. Let x = 1 + 14. Calculate the highest common factor of x and r.
15
Let t(n) = -10*n**2 - 47*n**3 - n + 7*n**2 - 2 + 0*n + 5*n**2. Let i be t(-1). What is the greatest common factor of i and 16?
16
Let c be (5 - 1)*(-35)/(-20). Suppose 0 = -i - 3*g + 9, c*g - 4 = 3*g. Calculate the greatest common divisor of i and 12.
6
Suppose 0 = 3*c - 119 - 31. Let p be (-80)/(-30)*6/(-1). Let o = p - -36. What is the greatest common factor of o and c?
10
Let s = 11 + -8. Suppose -2*f = -s*f. Suppose f*y + 3*y - 5*a = 119, -3*a - 45 = -y. What is the highest common divisor of 11 and y?
11
Suppose 0*l - 5*l + 479 = d, -3*d + 107 = l. Calculate the greatest common factor of l and 5.
5
Suppose 3 = 4*m - 3*q, -2*m - 3*m + 6 = -3*q. Suppose -m*o - 2*o + 230 = 0. Let c be (-2)/(-1 + (-63)/(-69)). What is the highest common factor of o and c?
23
Suppose -9*o + 1 = -10*o. Let f = o - -10. What is the highest common factor of 3 and f?
3
Suppose 2*q = 149 - 5. What is the greatest common factor of 8 and q?
8
Suppose -24 = -3*g + 3*s, -5*g - 2*s + 8 = s. Suppose g*t - 3*t = 80. Suppose 0*l = 5*l - t. Calculate the highest common factor of 112 and l.
16
Let x(d) = 112*d + 1. Let n be x(2). Suppose 4*z + n = 9*z. Calculate the highest common divisor of z and 18.
9
Let n(z) = -z**3 - 15*z**2 - 14*z + 1. Let w be n(-14). Let v be 2 + 1 + w + 6. Suppose -36 = 7*u - v*u. What is the highest common divisor of 48 and u?
12
Suppose 4*q - 166 = -22. What is the greatest common divisor of q and 108?
36
Let w be (-3 - -55) + 2 + -14. Calculate the highest common divisor of w and 1480.
40
Suppose 3*u - 40 = u. Suppose -z - 70 = -5*y + z, 4*z = u. Suppose -7 + 39 = 2*d. What is the highest common divisor of y and d?
16
Suppose 0*g + n = 2*g - 175, 258 = 3*g + 3*n. Let y = -2563 + 2592. Calculate the greatest common factor of y and g.
29
Let u be (-52)/(-5) + (-6)/(-10). Suppose -4*k - k + 169 = 4*s, 3*k + 4*s - 103 = 0. Calculate the highest common factor of u and k.
11
Let t = 130 + -126. Calculate the greatest common factor of 16 and t.
4
Let g(j) = -j**3 - 11*j**2 - 19*j -